f m?
1
Let m = -1379 + 2402. What is the units digit of m?
3
Let o be (62*2 - 1)*(-8)/(-8). Suppose m - 44 - o = 0. What is the units digit of m?
7
Let f(h) be the second derivative of -h**8/6720 - h**7/2520 + h**5/12 - h**4/3 + 4*h. Let n(d) be the third derivative of f(d). What is the units digit of n(0)?
0
Suppose 36 = -4*q + 152. Let s = -22 + q. Let x(c) = c**3 - 7*c**2 + 4*c - 6. What is the units digit of x(s)?
2
Let g = 19 - 16. Let r be (g + -3)/1 - -2. Suppose -r*p + 8 = 2. What is the units digit of p?
3
Let p be 0/((0 + 8)/(-4)). Suppose p = 2*v - 3*v - 4. What is the units digit of 4*v/8 + 8?
6
Let r = 3597 - 1935. What is the thousands digit of r?
1
Suppose 360 = 5*w + 5*l, -w + 4*w + 4*l = 217. Let b = -9 + w. Suppose -b = -3*k - 11. What is the units digit of k?
7
Let s be 0 - -6 - 4/20*0. Suppose s*y - 2*y - 164 = 0. What is the tens digit of y?
4
Suppose 0 = x - 5*f + 10, 0 = 3*x - x + 5*f - 10. Suppose -z + x*z - 5*d = -35, -200 = -3*z + 4*d. What is the tens digit of z?
6
Suppose 6636 = -2744*d + 2748*d. What is the tens digit of d?
5
Let k(j) = -16*j + 1579. What is the thousands digit of k(0)?
1
Let o = 1 - 9. Let n(p) = -p**3 - 9*p**2 - 12*p - 9. Let x be n(o). Let f = x + 5. What is the units digit of f?
8
Let v be (6/(-5))/((-1)/(-130)). Let t = v - -273. What is the tens digit of t?
1
Suppose -2*a - 2 = -3*a. Suppose -a*w + 13 = -u, -5*w - u - 3*u = -52. Suppose -5*p + x + 188 = 0, -2*x + 179 = w*p - 3*p. What is the units digit of p?
7
Let r(g) = 15*g**2 - 18*g + 7. What is the units digit of r(7)?
6
Let p(i) = -14*i**2 + i - 1. Let g be p(1). Suppose 0 = u - 7*j + 2*j - 30, 2*u - 18 = -4*j. Let z = u + g. What is the units digit of z?
1
Let s = -525 + 1858. What is the units digit of s?
3
Suppose -20*r = -5143 - 24337. What is the hundreds digit of r?
4
Suppose 3*q = 4*v + 11, 0*q - 22 = -2*v - 4*q. Suppose 0 = 5*b - 3*i - 20, 5*b + 5*i = -v + 21. Suppose 74 + 2 = b*g. What is the units digit of g?
9
Let n be ((-90)/12)/(2/4). Let u = 56 - 61. What is the units digit of 120/9*n/u?
0
Let b(j) = j**3 - j**2 + j + 220. Let n be b(0). Let p = n + -80. What is the tens digit of p?
4
Let y be (-7)/(56/32)*3/(-4). Suppose 4*x - 42 = -l, -3*l + 156 = -6*x + y*x. What is the units digit of l?
0
Suppose 0 = -6*p + 18 + 12. Suppose -2*l + 7*l - p*a - 575 = 0, -2*a + 10 = 0. What is the hundreds digit of l?
1
Let w(s) = s**3 + 6*s**2 - 2*s + 3. Let m = 7 + -2. Suppose f + 6 = 5*b, -3*f - 8 = m*b + 10. What is the tens digit of w(f)?
1
Let i(l) be the first derivative of -l**4/4 + l**2/2 + 102*l + 29. What is the units digit of i(0)?
2
Let m(s) = -17*s**3 - 4*s**2 - 5*s - 5. Let u be m(-2). Suppose a - u = -0*a. What is the units digit of a?
5
Let l = -10 + 14. Suppose i - 10 = -5*m + 86, 4*i + 96 = l*m. What is the units digit of m?
0
Suppose 2*l = 5*d + 6, -l = 2*d - 2 - 1. Let n(j) = 4*j + 6*j - 2*j + d*j + 1. What is the units digit of n(2)?
7
Let i(u) = u**2 + 5*u + 15. Let n be i(-9). Let z = 73 - n. What is the tens digit of z?
2
Let l = 21 - 13. What is the units digit of 140*(4 + (-28)/l)?
0
Suppose -2*q + 3*z = -1549, 4*q + 7*z = 9*z + 3118. What is the hundreds digit of q?
7
Let l be (-2)/4 + (-33)/22. Let k = l + 38. What is the units digit of k?
6
Suppose 5*b - 24 = l, -l = -4*b - 0*l + 20. Let f(i) = 3 - 4*i - 3*i + 3 + 2*i**2. What is the units digit of f(b)?
0
Let a be (-6579)/(-45) + (-1)/5. Suppose -3*o + j - 2*j + a = 0, 112 = 2*o - 3*j. What is the units digit of o?
0
Suppose -5*f + 73 = 2*l, 35 + 13 = 3*f - 3*l. Suppose -7*v - 54 = 23. Let u = f + v. What is the units digit of u?
4
Suppose -5*i + 2*i = -6. Suppose s - 35 = -2*x, -x + i*s + 34 = -3*s. Let z = -14 + x. What is the units digit of z?
5
Suppose -3*x + 4*x = -q + 486, 3*x - 1461 = -4*q. What is the units digit of x?
3
Suppose -2*y + 31 = -5*w, -w + 4*w + 12 = -y. Suppose -2*a + y*n = 6, 3 = 3*a - 4*a + 2*n. What is the units digit of 22 + 0 + a - -3?
2
Suppose 2*s = -16 + 10. What is the units digit of 8/(-4) - -2 - s?
3
Suppose v = l - 1863, 4*l + 2*v - 7454 = 4*v. What is the hundreds digit of l?
8
Suppose 10*p - 31*p = -6090. What is the units digit of p?
0
Suppose -2*t = -90 + 14. Let p = t + 2. What is the units digit of p?
0
Let t be -4*(165/20)/(-11). Suppose 2*b - 5*b + 9 = 2*k, t*b + 9 = k. What is the units digit of k?
6
Let c(t) = -t**2 - 8*t - 3. Let u be c(-7). Suppose 0 = 2*o + u*k - 110, 0 = -0*o - 2*o - k + 98. What is the units digit of o?
7
Let r = -247 - -435. What is the units digit of r?
8
Let k be 4*15 - (-8 + 11). Let f = 122 + k. What is the tens digit of f?
7
Suppose -1158 = -0*m - 2*m - 4*x, -5*m = 3*x - 2895. What is the hundreds digit of m?
5
Suppose -26*h = -50*h + 118728. What is the tens digit of h?
4
Suppose -k = -4*z + 28, 0 = 5*k - k + z + 78. Let v = 72 - k. What is the units digit of v?
2
Suppose -9 = -4*k - 53. Let x = k + 13. What is the tens digit of 1 - ((-46 - -2) + x)?
4
Let z(p) = 401*p**2 + 75*p - 206. What is the tens digit of z(3)?
2
Let g = -2682 - -5948. What is the tens digit of g?
6
Let t = 236 + -152. Suppose -5*a + 3*a + t = 0. What is the units digit of a?
2
Let r be (-130)/(-8) - (6/2)/12. Suppose -11*a = -r*a + 125. What is the tens digit of a?
2
Suppose -10325 = -5*y + 5*t, -2*y - t + 1273 = -2860. What is the thousands digit of y?
2
Suppose -4*m + 26440 = -4*n + 5620, -5*m - 2*n + 25997 = 0. What is the hundreds digit of m?
2
Let i(d) = 1 + 6*d**2 - 5*d**2 + 12*d - 7. Let h = 12 - 26. What is the tens digit of i(h)?
2
Let p(b) = 6 + 10*b + 4*b - 8*b**2 + 7*b**2 + 4*b. Let y be p(16). Let g = y + -22. What is the units digit of g?
6
Let a = 1372 + 800. What is the thousands digit of a?
2
Suppose -9*z + 83 = 2. Suppose 0 = 4*t - z*t + 15, 5*r + t - 498 = 0. What is the units digit of r?
9
Suppose 248 = -4*t + 2376. Suppose t = -6*i + 13*i. What is the units digit of i?
6
What is the units digit of (-10)/(-4)*(-60 + 466)?
5
Let a(u) = 5*u - 8. Let f(m) = -6*m + 7. Let p(o) = -4*a(o) - 5*f(o). What is the units digit of p(13)?
7
Let m be 2/((-8)/(-3))*280. Suppose -4*u = 6*u - m. What is the tens digit of u?
2
Suppose -h = 5*m - 2*h - 14, -5*h - 7 = -4*m. Suppose -4*w + 10 = 2*i + 2, 2*w + 4*i = -8. What is the tens digit of m*7 + (w - 0)?
2
Suppose -2*u - 4770 = -0*h - 4*h, -4*u = 12. What is the tens digit of h?
9
Suppose 0 = -4*x - v + 429, 0 = 5*x + 5*v - 664 + 109. Suppose -x*d = -109*d + 480. What is the tens digit of d?
6
Let x = 61 - -632. What is the tens digit of x?
9
Let x(l) = -l**3 - 8*l**2 + l + 9. Let v be x(-8). Let p be 13 - (-3 + -1 + v). Suppose p = -j + 2*j. What is the units digit of j?
6
Let c be 3 + 234 + -3 - 1. Let f = -117 + c. What is the hundreds digit of f?
1
Let p(i) be the third derivative of -i**4/6 + 16*i**3/3 + 9*i**2. What is the tens digit of p(-11)?
7
Let k(a) = 16*a - 9. Suppose -3*v = -2*y - 12, 0*v = v - y - 3. Let m be k(v). Let b = -57 + m. What is the units digit of b?
0
Let v = -6 + 10. Let a be 5 + 0*v/8. Suppose 4*t = -p + 99, a*t - p = 105 + 12. What is the tens digit of t?
2
Let o(m) be the first derivative of m**3/3 + 3*m**2/2 - 12*m + 2. Let b(n) = 5*n + 1. Let h be b(-2). What is the units digit of o(h)?
2
Let v(q) = q**2 - 1. Let s(o) = -28*o**3 + o**2 - 1. Let a(k) = s(k) - 2*v(k). What is the tens digit of a(-1)?
2
Suppose 0 = 4*w - 9*w + 4*c - 16, -3*w - c - 13 = 0. Let q(k) = 2*k + 7. Let p(j) = -j - 8. Let b(s) = w*p(s) - 3*q(s). What is the units digit of b(-6)?
3
Suppose -21*p + 3*h = -19*p - 1212, -5*p - 5*h + 3055 = 0. What is the units digit of p?
9
Let c be 6/48 - (-89)/(-8). Let j(d) = -4*d - 25. What is the units digit of j(c)?
9
Suppose -5*l = 3*i - 490, -5*l - 2*i + 242 = -248. Let z = l + -39. What is the units digit of z?
9
Suppose 76 = 3*h - 74. Let r be (-208)/5 + (-20)/h. Let y = 60 + r. What is the units digit of y?
8
Let l(p) = -2*p**3 + p**2 + 20*p + 701. What is the units digit of l(0)?
1
Suppose -b + 3*b + 110 = -2*o, -3*b - 265 = 5*o. Let d = 28 + o. What is the tens digit of -3 + 2 - 0 - d?
2
Let j(w) = -3*w + 48. Let b be (-27)/2 + 4/(-48)*-6. What is the tens digit of j(b)?
8
Suppose 0 = 91*r - 77*r - 29386. What is the hundreds digit of r?
0
Let d = 348 + -157. What is the hundreds digit of d?
1
What is the hu